s v(x)?
1
Let z(o) = -2*o**2 + 1. Let y = 296 + -295. Determine z(y).
-1
Suppose 0 = -o - i + 72 - 17, 2*i + 6 = 0. Let t(f) = -o*f**2 - f**3 + 58*f**2. Give t(1).
-1
Let l(j) = j**2 + 7*j - 6. Let i(w) = 8*w**3 + 3*w**2 + 3*w + 2. Let c be i(-1). Determine l(c).
-12
Let y(s) = -3*s + 1. Let d be y(1). Let g = d - -6. Let z(f) = 2 + 2 - g*f + 5*f. Calculate z(-4).
0
Let r(w) be the first derivative of w**3/3 - 5*w**2/2 + 2*w - 1. Let t = -33 - -25. Let u be 18/(-6) + (-2 - t). Give r(u).
-4
Suppose -k + 2 = -2. Let z(o) = -4 + o + k. Suppose -l + 8 = 3*l. What is z(l)?
2
Let y(r) = -2*r**2 + 2*r - 6. Let u be y(2). Let b(m) = m**2 + 13*m + 9. What is b(u)?
-21
Let j(b) = -b**2 - 3*b. Let h be j(-3). Suppose -2*u + 7*u + 5 = h. Let f(w) be the first derivative of -w**4 - w**3/3 - w**2/2 - w + 8. Calculate f(u).
3
Let i(p) be the third derivative of p**4/3 - 2*p**3/3 - 24*p**2. Suppose 3*a - 2*q = 2*q - 7, 0 = -a - 5*q + 23. Calculate i(a).
20
Let r = 1525/3066 - -4/1533. Let a(c) be the first derivative of 6*c - r*c**2 + 11. Calculate a(5).
1
Let d(c) = -9*c**2 - c + 5. Suppose 0 = t + 4*g - 13, -5*g + 5 = -20*t + 25*t. Determine d(t).
-73
Let l(n) = n + 1. Suppose 4*s - 2*s = 0. Suppose s = 2*v + 2*v. Let a = v - -4. Calculate l(a).
5
Let c(f) be the third derivative of -f**6/120 + 3*f**5/10 - 19*f**4/24 + 14*f**3/3 + 136*f**2. Calculate c(17).
-6
Let j(c) be the first derivative of 1 + 1/4*c**4 + 1/2*c**2 - 3*c - 5/3*c**3. Let t(b) = 2*b + 17. Let u be t(-6). What is j(u)?
2
Let x(o) = -o**2 + 10*o - 9. Suppose -4*a + 43 - 12 = 3*n, n - 17 = -2*a. Calculate x(a).
-9
Let j(k) = k**3 - 8*k**2 + 9*k + 1. Suppose -3*y + 6 - 3 = 0. Let x be (1 + y)/(4/14). Give j(x).
15
Let s(u) be the second derivative of 0 + 3*u + 0*u**2 - 1/6*u**3 + 1/6*u**4. What is s(-1)?
3
Let t be (4/8)/((5/4)/5). Let k(m) = 0*m**2 + m**t + 2 + 0*m**2 - 7*m. What is k(3)?
-10
Let n(h) = 2970*h - 3 - 2966*h + 3*h**2 + 1. What is n(-5)?
53
Let x = 826 + -811. Let w(q) = -q**3 + 16*q**2 - 16*q + 5. Determine w(x).
-10
Let y(l) be the third derivative of 0*l**3 + 0*l + 0 - 20*l**2 + 1/8*l**4. Calculate y(-1).
-3
Let p(g) = 152 - 324 - 2*g - 2*g + 159. Calculate p(-3).
-1
Let f(b) be the first derivative of b**4/4 - 4*b**3 + 6*b**2 + 15*b - 181. Calculate f(11).
26
Let b(i) = -2*i + 6. Suppose -5*h - 27 = -2*h. Let l be (-46)/(-10) - h*(-5)/75. Give b(l).
-2
Let d(m) = -m**3 + 3*m**2 - 9*m + 28. Let p be d(3). Let s(f) = f**2 - 2 + 3 + f**2 - f**2 - 2*f + 10*f**3. What is s(p)?
10
Let a be 2/5 + 392/20. Suppose -5*s - 2*h = -a, -2*s - 29 = -4*s - 5*h. Let v(d) = -4*d**s + 22 + 3*d**2 - 3*d - 23. Determine v(-2).
1
Let x be ((-120)/(-4))/(-10) - (-1 + 0). Let d(m) = m**2 + 2*m + 1. Calculate d(x).
1
Suppose 4*l - 2*y + 3 = -l, -y - 1 = -5*l. Let p(k) = k + 1 + l - 6 + 2. Calculate p(2).
0
Let c = -460 + 458. Let n(b) be the third derivative of -b**6/120 - b**5/30 + b**4/24 - b**3/3 + 2*b**2. What is n(c)?
-4
Let a(y) = y - 3. Suppose -4*o - 3*k = -5*k - 20, -o = -k - 7. Suppose 2*t + 2*x - 4 = x, o*x - 3 = -3*t. What is a(t)?
0
Suppose 0 = 27*g - 12*g + 180. Let k(m) = m**2 + 12*m - 9. Give k(g).
-9
Suppose 133*d - 134*d + 6 = 0. Let x(y) = 2*y - 8. Give x(d).
4
Let d = -13 - -21. Let r be 1/(5/15) + -3. Let h(w) = r*w**2 + 7*w**2 - d + 7. Give h(-1).
6
Let p(y) = y + 1. Let b(s) = 7*s + 3. Let v(x) = -b(x) + 6*p(x). Determine v(4).
-1
Let b(c) = -4*c**2. Suppose -3*y + 10 = -f - 4*f, y - 10 = -5*f. Calculate b(f).
-4
Let k be -5 + 0 - (1 + -4). Let n = k + 4. Let o be -1*((-3 - -2) + n). Let z(a) = -2*a - 1. Calculate z(o).
1
Let j be (2 + 4)/(6/4). Let u(y) be the first derivative of 4*y**2 - 4 - j + 1 - 5*y**2. What is u(-3)?
6
Let l(v) = v**2 - 2*v - 5. Let c(z) = -z**3 + 3*z**2 + 15*z - 40. Let m be c(4). Give l(m).
3
Let x(r) = r**2 + r - 1. Let q(l) be the second derivative of l**4/2 + 4*l**3/3 - l**2/2 + 10*l. Let u(c) = -q(c) + 5*x(c). What is u(-3)?
-4
Suppose 0 = -5*j + 5*p + 14 + 41, 0 = 3*j + 4*p - 5. Let d(h) = -h**3 + 7*h**2 + h - 10. What is d(j)?
-3
Let m be -4 - (4 + (4 - 12)). Suppose -p - p = m. Let i = -1 + p. Let l(r) = 4*r**3 - r**2. Calculate l(i).
-5
Suppose -2*z = -0*c - 2*c - 10, 7 = -z + 4*c. Let x(n) = n + 5 + 4 - z. Calculate x(5).
5
Let f(t) = -2*t + 2. Let y = -262 - -265. Calculate f(y).
-4
Let d = -10 + 4. Suppose 0 = -0*c + 2*c + 54. Let n be (d/(-27))/((-3)/c). Let o(b) = -3*b + 3. Give o(n).
-3
Let d = 39 - 35. Let f(j) = -j**2 - 6*j - d*j + 5*j - 4 - 1. Determine f(-4).
-1
Let w(a) = 2*a**2 + 6*a - 15. Suppose -4041*z - 16 = -4049*z. Calculate w(z).
5
Let w(t) = -185*t + 365*t - 195*t. What is w(-1)?
15
Suppose -2*x = -4, 0*z + z - 4*x = -6. Let c(j) be the third derivative of -5*j**4/24 + j**3/3 + 3*j**2. Determine c(z).
-8
Let h(n) = -n + 2*n**2 - 30 - 18 + 0*n**2 + 46. Determine h(3).
13
Let i(h) = -h - 2. Let p(g) = 6*g + 4 - 3 + 4*g**2 - 3*g**2 - 2*g**2. Let c be p(7). Give i(c).
4
Let v(z) = 0*z**3 + 6813*z + 25*z**2 + z**3 - 31*z**2 - 5 - 6819*z. Let p be 7/(-2)*(0 - 2). What is v(p)?
2
Let m be 3 - (-4 - 248/2). Let j(f) = m*f - 11 - 5 + 0 - 132*f. Determine j(-7).
-9
Let i(u) = u**2 + 5*u + 2. Let o be i(0). Let x(l) = 32 + 33 + l**o - 66. Calculate x(0).
-1
Let z = 4 + -2. Let r(o) = -3*o**2 + 13 + 15*o**2 - 16*o**2 + 3*o. Let f(s) = -s**2 + s + 4. Let w(k) = 7*f(k) - 2*r(k). Determine w(z).
8
Let u = -71 - -91. Let m(d) = -5*d - u*d**2 + 19*d**2 + 4 + 4*d + 5*d. What is m(4)?
4
Let h = 2759 + -2759. Let f(k) = 1 - k**3 + k + 3*k**2 - 2*k**2 + 1. Give f(h).
2
Let q(z) = 4*z + 26. Let v be q(-8). Let o(f) = f. Calculate o(v).
-6
Let t(z) = -z**2 - 4*z - 1. Let f = -5 - -9. Suppose -p - f*p = 0. Suppose p = -n - 0 - 3. Determine t(n).
2
Let m(u) = 2*u**2 - 10*u - 6. Let r be m(6). Suppose -r*g = -36 + 6. Let t(z) = z**2 - 5*z. What is t(g)?
0
Let m(t) = 19*t + 47. Let g(q) = -8*q - 22. Let f(n) = -9*g(n) - 4*m(n). What is f(3)?
-2
Let a(f) = f**2 - f + 1. Let q(v) = 6*v**2 - 6*v + 2. Let m(r) = -4*a(r) + q(r). Suppose 8*o - 5 = 11. Calculate m(o).
2
Let d = -29 + 36. Let g = d - 8. Let z(t) = -11*t + 1. Calculate z(g).
12
Let a(q) = 3*q**3 + 8*q**2 + 2. Let w(n) = -4*n**3 - 10*n**2 + n - 1. Let i(k) = 3*a(k) + 2*w(k). What is i(-3)?
7
Let z(p) = 9*p**3 + 10*p**2 + 6*p + 7. Let g(q) = -4*q**3 - 5*q**2 - 3*q - 4. Let y(c) = 7*g(c) + 3*z(c). Determine y(-5).
8
Let k(i) = -i**2 - 14*i - 28. Let u be k(-12). Let c be (6/(-9)*2)/(u/18). Let d(r) = r**2 - 6*r - 5. Give d(c).
-5
Let r(j) = 2*j - 22. Let o(l) = -3*l + 33. Let d(w) = 5*o(w) + 7*r(w). Let y be d(8). Let x(z) = -y*z - 15 + 2*z + 6. Give x(-7).
-2
Let w(i) be the third derivative of i**6/120 + 7*i**5/60 + i**4/6 - 13*i**3/6 + 334*i**2. Determine w(-6).
-1
Let c(w) = -w**2 - 5. Let k(x) = x**3 + 3*x**2 + x + 4. Let g be k(0). Suppose -g*r - 16 = -4*b, 6*b + 5*r = b - 20. What is c(b)?
-5
Let w(g) = -2*g**2 + g + 1. Let a(l) = -l**3 - 2*l**2 + l + 1. Let k(s) = a(s) - 2*w(s). Let p = -18 + 10. Let f be p/2*1/(-2). Give k(f).
-3
Let w(x) = 12*x - 3. Suppose 4*a = 5*r - 13, 7*a + 2*r = 3*a - 6. Let m(y) = 4*y - 1. Let i(k) = a*w(k) + 7*m(k). Determine i(-2).
-9
Let m(w) be the second derivative of w**5/20 + w**4/4 + w**3/6 - 3*w**2/2 - 10*w - 3. Determine m(-3).
-6
Let w(v) be the third derivative of 1/60*v**5 + 3*v**2 + 1/6*v**3 + 0 - 1/24*v**4 - 2*v. Calculate w(0).
1
Let d(t) be the third derivative of -t**6/120 + t**5/20 + t**4/4 - t**3 - t**2 - 18. Calculate d(4).
2
Let j(r) be the first derivative of -13*r**6/360 - r**4/24 + 10*r**3/3 - 3. Let y(h) be the third derivative of j(h). Give y(-1).
-14
Suppose 5*r - 7 = 4*r. Suppose -5 = -12*j + r*j. Let x(f) be the first derivative of -2*f**4 - f**3/3 - f**2/2 + f + 3. What is x(j)?
-9
Suppose -4*f = -2 - 2. Let m be -2*f*(-10)/4. Let c(h) be the second derivative of h**3/6 + 2*h**2 - 15*h. Give c(m).
9
Suppose -3*o = 3*q + 78, 241 - 76 = -5*q + 2*o. Let r = -30 - q. Let x(t) = -t + 1. What is x(r)?
0
Let q(f) be the third derivative of -f**4/8 - 19*f**3/6 - 313*f**2. Give q(-5).
-4
Let v(f) = -5*f + 23*f + f - f**2 - 14 - 7*f. Determine v(11).
-3
Let a be (12/2 + -4)*1. Suppose a*b - 3*o = 17, 3*b - 3*o = -2*b + 29. Let f(n) = 2*n**2 - 4*n - 5. What is f(b)?
11
Let w = 33 + -4. Suppose 4 = 5*x + w. Let y(m) = -m. Let b(h) = 3*h